1?
1033
What is the highest common factor of 335420 and 110515?
155
Calculate the greatest common divisor of 432 and 783386928.
144
Calculate the greatest common factor of 16 and 12279653.
1
What is the greatest common divisor of 14609 and 390397?
7
Calculate the greatest common divisor of 3192 and 328125.
21
What is the greatest common divisor of 709196 and 550408?
428
What is the greatest common factor of 2705 and 6449910200?
2705
Calculate the greatest common factor of 853 and 1037776007.
853
What is the highest common divisor of 20460025 and 103525?
1025
What is the greatest common factor of 22 and 437941922?
22
What is the greatest common factor of 127946 and 76087466?
6734
What is the greatest common factor of 5793 and 74119504?
1931
What is the highest common factor of 7352400 and 73200?
1200
What is the highest common factor of 1032 and 2316066?
258
Calculate the highest common divisor of 507533884 and 296.
148
What is the highest common factor of 44 and 1465252?
4
What is the greatest common divisor of 678 and 242221263?
339
Calculate the greatest common divisor of 1217 and 12901417.
1217
Calculate the greatest common divisor of 13808010 and 270.
30
What is the highest common divisor of 3762476 and 172?
4
What is the greatest common factor of 65 and 644935?
5
What is the highest common factor of 176 and 118365093?
11
Calculate the highest common divisor of 25104 and 1549126.
1046
What is the highest common divisor of 649660 and 14380?
20
What is the highest common divisor of 156560 and 444752?
304
Calculate the greatest common factor of 36512322 and 150.
6
Calculate the greatest common factor of 7101 and 833544.
27
What is the greatest common factor of 39 and 56783064?
39
What is the highest common factor of 604523 and 35701?
19
What is the greatest common factor of 42993628 and 28?
4
What is the highest common divisor of 55983420 and 540?
540
Calculate the greatest common divisor of 603551 and 3146112.
2731
What is the highest common factor of 294 and 1399649622?
294
What is the highest common divisor of 87 and 7211952?
87
What is the highest common divisor of 858 and 10714308?
66
What is the greatest common factor of 18085032 and 119556?
2916
Calculate the highest common factor of 5500123 and 1.
1
What is the greatest common factor of 101654 and 1848?
14
Calculate the highest common divisor of 4891807 and 17168.
1073
Calculate the highest common divisor of 2501828 and 86366.
2786
What is the greatest common factor of 2704 and 5962448?
16
Calculate the highest common divisor of 2773 and 728400548.
2773
What is the greatest common factor of 3375 and 521669625?
375
What is the highest common divisor of 41470875 and 315?
45
Calculate the highest common divisor of 2827 and 33073073.
2827
What is the greatest common factor of 3425 and 2349413?
137
What is the greatest common factor of 35071763 and 27584?
431
Calculate the greatest common factor of 1629 and 70639413.
543
What is the greatest common factor of 46553 and 39806?
13
Calculate the highest common divisor of 145 and 1129666.
29
What is the greatest common divisor of 2330784 and 63936?
288
Calculate the highest common divisor of 132089 and 7291.
23
Calculate the highest common divisor of 574 and 210576.
82
Calculate the highest common divisor of 84930524 and 588.
196
Calculate the highest common divisor of 817 and 481783.
19
What is the highest common divisor of 96 and 191682648?
24
What is the highest common divisor of 102 and 124698?
6
Calculate the highest common factor of 1115832 and 168.
24
What is the greatest common factor of 102612 and 569396?
2012
What is the highest common factor of 54498 and 16?
2
What is the greatest common divisor of 64 and 57327280?
16
What is the greatest common divisor of 16500 and 6400300?
100
Calculate the highest common divisor of 383 and 1172102177.
383
Calculate the greatest common divisor of 431644 and 32302.
62
Calculate the greatest common factor of 15 and 4269885.
15
What is the highest common factor of 167832 and 16408?
56
What is the greatest common factor of 9271 and 579247?
127
What is the greatest common factor of 10447 and 11805110?
10447
What is the greatest common divisor of 15315 and 1905?
15
What is the highest common factor of 75 and 13580325?
75
Calculate the highest common factor of 39 and 777127429.
13
What is the highest common divisor of 4968 and 3752160?
24
What is the greatest common factor of 4 and 23277718?
2
What is the greatest common factor of 786 and 202435348?
262
Calculate the greatest common divisor of 490 and 16606310.
70
Calculate the greatest common divisor of 10 and 421195.
5
What is the greatest common divisor of 226561 and 37?
1
Calculate the highest common factor of 39 and 178040213.
13
What is the greatest common factor of 19 and 2407442975?
19
What is the greatest common divisor of 26 and 3212930422?
26
What is the highest common divisor of 1760328 and 22563?
207
What is the greatest common divisor of 15573929 and 259?
259
What is the greatest common factor of 119372 and 99748?
44
Calculate the highest common divisor of 1786 and 14333966.
94
Calculate the greatest common factor of 18529509 and 8307.
213
What is the greatest common divisor of 1701 and 27826902?
243
What is the highest common divisor of 135 and 503913375?
45
Calculate the greatest common divisor of 247199 and 835214.
179
Calculate the highest common divisor of 70329 and 48379457.
1379
Calculate the highest common divisor of 681 and 43437.
3
What is the highest common factor of 18976908 and 18048?
564
What is the highest common divisor of 4105040 and 116400?
7760
What is the greatest common divisor of 422860107 and 58?
29
Calculate the highest common factor of 5853253 and 223533.
8279
Calculate the highest common divisor of 98298808 and 752.
376
What is the greatest common divisor of 68 and 34780436?
68
Calculate the highest common divisor of 6368 and 859568.
16
What is the highest common divisor of 8 and 144424016?
8
What is the greatest common factor of 102129 and 4956?
177
Calculate the greatest common factor of 309342 and 5214.
66
What is the highest common divisor of 1555 and 34261315?
1555
Calculate the greatest common factor of 14760 and 13710.
30
Calculate the highest common divisor of 330 and 811371.
33
What is the highest common divisor of 538 and 46720189?
269
Calculate the greatest common factor of 274717 and 67831.
29
Calculate the highest common factor of 137825 and 3774925.
925
What is the greatest common divisor of 3154 and 25494333?
19
Calculate the highest common factor of 2596 and 1328393968.
2596
What is the greatest common divisor of 4578726 and 20898?
258
What is the greatest common divisor of 21653 and 59413?
59
Calculate the greatest common factor of 601551 and 85707.
801
Calculate the greatest common factor of 6677068 and 8.
4
What is the greatest common factor of 1681746 and 102?
6
What is the greatest common divisor of 391069112 and 56?
56
What is the greatest common factor of 172188486 and 522?
522
What is the greatest common divisor of 47142 and 1916298?
486
Calculate the highest common factor of 5615961 and 7371.
39
Calculate the highest common factor of 1062542976 and 2176.
2176
Calculate the highest common factor of 78 and 49086.
6
Calculate the highest common divisor of 321614 and 12.
2
Calculate the highest common divisor of 7625359 and 49616.
3101
What is the greatest common factor of 16042908 and 18464?
2308
Calculate the highest common divisor of 134391564 and 36.
36
What is the highest common divisor of 2624 and 546976?
32
Calculate the greatest common factor of 648 and 1792449.
81
What is the greatest common factor of 119718 and 1309508?
1478
What is the greatest common divisor of 19 and 6701927?
19
Calculate the highest common factor of 34 and 11151847.
17
What is the greatest common divisor of 590446 and 2442?
74
Calculate the highest common divisor of 597029 and 1457.
31
What is the greatest common factor of 14480077 and 58?
29
What is the greatest common factor of 168 and 32425428?
84
Calculate the greatest common factor of 35 and 279729835.
35
What is the highest common factor of 135536385 and 195?
15
What is the highest common divisor of 7990 and 230582?
94
What is the highest common divisor 